{"id":66,"date":"2023-12-11T18:46:22","date_gmt":"2023-12-11T18:46:22","guid":{"rendered":"https:\/\/www.rixdal.com\/?page_id=66"},"modified":"2023-12-11T23:43:03","modified_gmt":"2023-12-11T23:43:03","slug":"novomit","status":"publish","type":"page","link":"https:\/\/www.rixdal.com\/?page_id=66","title":{"rendered":"NOVOMIT"},"content":{"rendered":"<p>&nbsp;<\/p>\n<p><strong>Metoclopramida<\/strong><br \/>\nComprimidos<\/p>\n<p>Control M\u00e9dico Recomendado<br \/>\nIndustria Argentina<\/p>\n<p><strong><span class=\"Apple-style-span\">Formula:<\/span><\/strong><\/p>\n<p>Cada comprimido contiene:<\/p>\n<p>Metoclopramida (como clorhidrato)&#8230;&#8230;&#8230;&#8230;&#8230;&#8230;&#8230;&#8230;&#8230;&#8230;&#8230;&#8230;&#8230;.. 10 mg<br \/>\nExcipientes autorizados c.s.<\/p>\n<p><strong><span class=\"Apple-style-span\">ACCION TERAPEUTICA<\/span><span class=\"Apple-style-span\">:<\/span><\/strong><\/p>\n<p>Antinauseoso, antiem\u00e9tico y propulsivo.<\/p>\n<p><strong><span class=\"Apple-style-span\">ACCION FARMACOLOGICA:<\/span><\/strong><\/p>\n<p>Bloqueante de receptores dopamin\u00e9rgicos centrales y perif\u00e9ricos. A ello se deben sus propiedades antiem\u00e9ticas. Estimula la motilidad del tracto gastrointestinal superior, sin modificar las secreciones g\u00e1strica, biliar o pancre\u00e1tica. Metoclopramida inhibe los efectos centrales y perif\u00e9ricos de la apomorfina. Induce descarga de prolactina y causa un aumento transitorio en los niveles de aldosterona circulante.<\/p>\n<p><strong><span class=\"Apple-style-span\">FARMACOCINETICA<\/span><span class=\"Apple-style-span\">:<\/span><\/strong><\/p>\n<p>Metoclopramida es r\u00e1pidamente absorbida, alcanz\u00e1ndose la concentraci\u00f3n plasm\u00e1tica m\u00e1xima entre 1?2 horas luego de su administraci\u00f3n por v\u00eda oral. En individuos con funci\u00f3n renal normal la semivida es en promedio de 5?6 horas. Aproximadamente el 85% se elimina por orina. De este 85%, la mitad se elimina en forma inalterada y la otra mitad conjugada. El da\u00f1o renal afecta el clearence de la metoclopramida.<\/p>\n<p><strong><span class=\"Apple-style-span\">INDICACIONES<\/span><span class=\"Apple-style-span\">:<\/span><\/strong><\/p>\n<p>&#8211; Tratamiento sintom\u00e1tico de n\u00e1useas y v\u00f3mitos.<\/p>\n<p>&#8211; Trastornos funcionales de la motilidad digestiva.<\/p>\n<p>&#8211; Preparaci\u00f3n de exploraciones del tubo digestivo.<\/p>\n<p>&#8211; Prevenci\u00f3n y tratamiento de las n\u00e1useas y de la emesis provocadas por radioterapia, cobaltoterapia y quimioterapia antineopl\u00e1sica.<\/p>\n<p><strong><span class=\"Apple-style-span\">POSOLOG\u00cdA Y MODO DE ADMINISTRACI\u00d3N<\/span><span class=\"Apple-style-span\">:<\/span><\/strong><\/p>\n<p>Comprimidos<\/p>\n<p>La dosis habitual en adolescentes mayores de 14 a\u00f1os y adultos:<\/p>\n<p>* Tratamiento de gastroparesia diab\u00e9tica: 1 comprimido (10 mg) treinta minutos antes de que los s\u00edntomas ocurran o antes de cada comida y antes de acostarse. Hasta 4 veces por d\u00eda. Duraci\u00f3n del tratamiento 4?8 semanas.<\/p>\n<p>* Tratamiento de reflujo gastroesof\u00e1gico: 1 a 1 1\/2 comprimido (10 a 15 mg) treinta minutos antes de que los s\u00edntomas ocurran o antes de cada comida y antes de acostarse. Hasta 4 veces por d\u00eda. Puesto que los estudios realizados no se extienden m\u00e1s all\u00e1 de 12 semanas, no pueden recomendarse tratamientos m\u00e1s prolongados.<\/p>\n<p>* S\u00edntomas asociados a trastornos agudos de la motilidad del tracto digestivo superior, como n\u00e1useas y v\u00f3mitos: Adultos: 5?10 mg 3 veces por d\u00eda.<\/p>\n<p>NOTA: Dosis m\u00e1xima en adultos: hasta 0,5 mg por kg de peso por d\u00eda.<\/p>\n<p><span class=\"Apple-style-span\"><br \/>\n<strong>CONTRAlNDICACIONES<\/strong><\/span><strong><span class=\"Apple-style-span\">:<\/span><\/strong><\/p>\n<p>Hipersensibilidad conocida o intolerancia a la droga. No administrar en presencia de hemorragia gastrointestinal, obstrucci\u00f3n mec\u00e1nica, perforaci\u00f3n o cuando la estimulaci\u00f3n de la motilidad gastrointestinal resulte peligrosa.<\/p>\n<p>En pacientes con feocromocitoma, ya que puede causar crisis hipertensiva.<\/p>\n<p>Est\u00e1 contraindicado el uso concomitante de Levodopa u otros f\u00e1rmacos que produzcan reacciones extrapiramidales\u00a0 como las fenotiazidas y butirofenonas, que no se recomienda la administraci\u00f3n de metoclopramida en pacientes que padecen epilepsia<\/p>\n<p><strong><span class=\"Apple-style-span\">ADVERTENCIAS<\/span><span class=\"Apple-style-span\">:<\/span><\/strong><\/p>\n<p>-Depresi\u00f3n mental en pacientes con o sin antecedentes de depresi\u00f3n. Metoclopramida podr\u00eda ser administrado a pacientes con antecedentes de depresi\u00f3n mental s\u00f3lo si los beneficios esperados pesan m\u00e1s que los riesgos potenciales. S\u00edntomas extrapiramidales que se manifiestan primeramente con distonias (tort\u00edcolis, espasmo facial, crisis oculogiras, trismo), son m\u00e1s frecuentes en ni\u00f1os y adultos j\u00f3venes y cuando se usan en altas dosis en la profilaxis de v\u00f3mitos inducidos por quimioterapia contra el c\u00e1ncer. El parkinsonismo es m\u00e1s frecuente en pacientes sometidos a tratamientos prolongados. Estos s\u00edntomas generalmente ceden dentro de los 2?3 meses de haber suspendido la medicaci\u00f3n. Se ha descrito la aparici\u00f3n de discinesia tard\u00eda.<\/p>\n<p>-Su uso est\u00e1 contraindicado en ni\u00f1os menores de un a\u00f1o debido al mayor riesgo de alteraciones extrapiramidales.<\/p>\n<p>-Su uso no est\u00e1 recomendado para ni\u00f1os y adolescentes entre 1 y 18 a\u00f1os.<\/p>\n<p><strong><span class=\"Apple-style-span\">PRECAUCIONES<\/span><span class=\"Apple-style-span\">:<\/span><\/strong><\/p>\n<p>Se recomienda utilizar esta medicaci\u00f3n evaluando el riesgo?beneficio de existir concomitantemente alguna de estas patolog\u00edas:<\/p>\n<p>&#8211; Asma (puede incrementar el riesgo de broncoespasmo)<\/p>\n<p>&#8211; Hipertensi\u00f3n<\/p>\n<p>&#8211; Falla hep\u00e1tica<\/p>\n<p>&#8211; Enfermedad de Parkinson<\/p>\n<p>&#8211; Falla renal cr\u00f3nica y severa.<\/p>\n<p>Metoclopramida quiz\u00e1 afecte las habilidades f\u00edsica y mental requeridas para la ejecuci\u00f3n de tareas arriesgadas tales como operar maquinarias o manejar veh\u00edculos a motor.<\/p>\n<p>Embarazadas: esta droga puede ser usada solo si fuese necesario. Metoclopramida es excretada por la leche materna.<\/p>\n<p>El uso de Metoclopramida durante la lactancia esta contraindicado<\/p>\n<p><strong><span class=\"Apple-style-span\">INTERACCIONES<\/span><span class=\"Apple-style-span\">:<\/span><\/strong><\/p>\n<p>Medicaciones conteniendo alguna de estas drogas pueden interferir con esta medicaci\u00f3n. La Metoclopramida puede disminuir la absorci\u00f3n de drogas a nivel g\u00e1strico y aumentar la absorci\u00f3n a nivel intestinal<\/p>\n<p>&#8211; Alcohol (la interacci\u00f3n con el alcohol produce un aumento del efecto sedante)<\/p>\n<p>&#8211; Depresores del Sistema Nervioso Central (aumenta el efecto sedante)<\/p>\n<p>&#8211; Anticolin\u00e9rgicos (antagonizan los efectos de la metoclopramida)<\/p>\n<p>&#8211; Bromocriptina (la Metoclopramida puede aumentar la prolactina s\u00e9rica)<\/p>\n<p>&#8211; Cimetidina (la Metoclopramida disminuye su absorci\u00f3n a nivel estomacal)<\/p>\n<p>&#8211; Digoxina (la Metoclopramida disminuye su absorci\u00f3n a nivel estomacal<\/p>\n<p>&#8211; Levodopa (la Metoclopramida puede disminuir el efecto de la levodopa)<\/p>\n<p>&#8211; Succinilcolina (la Metoclopramida prolonga el efecto bloqueante de la succinilcolina)<\/p>\n<p>&nbsp;<\/p>\n<p><strong><span class=\"Apple-style-span\">REACCIONES ADVERSAS<\/span><\/strong><\/p>\n<p>En general la incidencia de reacciones adversas depende de la dosis y la duraci\u00f3n de la administraci\u00f3n de metoclopramida.<\/p>\n<p>&#8211; Efectos sobre el SNC: somnolencia, fatiga, confusi\u00f3n, dolor de cabeza.<\/p>\n<p>&#8211; Efectos extrapiramidales: cuadros dist\u00f3nicos y discin\u00e9ticos, agravamiento del parkinsonismo, discinesia tard\u00eda.<\/p>\n<p>&#8211; A nivel end\u00f3crino: galactorrea, amenorrea, ginecomastia, hiperprolactinemia.<\/p>\n<p>&#8211; Efectos cardiovasculares: hipotensi\u00f3n, hipertensi\u00f3n, taquicardia supraventricular, bradicardia y posible bloqueo AV.<\/p>\n<p>&#8211; Efecto gastrointestinal: n\u00e1useas, diarrea.<\/p>\n<p>&#8211; Efecto renal: incontinencia urinaria.<\/p>\n<p>&#8211; Hematol\u00f3gicos: metahemoglobinemia en neonatos. Pocos casos de neutropenia, leucopenia, agranulocitosis.<\/p>\n<p>&#8211; Reacciones al\u00e9rgicas: pocos casos de rash, urticaria, broncoespasmos, especialmente en pacientes con antecedentes de asma.<\/p>\n<p>&nbsp;<\/p>\n<p><strong><span class=\"Apple-style-span\">SOBREDOSIS<\/span><span class=\"Apple-style-span\">:<\/span><\/strong><\/p>\n<p>En caso de intoxicaci\u00f3n consulte inmediatamente a su m\u00e9dico o a un centro de intoxicaci\u00f3n<\/p>\n<p><strong><span class=\"Apple-style-span\">PRESENTACIONES<\/span><span class=\"Apple-style-span\">:<\/span><\/strong><\/p>\n<p>Envases con 10 y 1000 comprimidos, siendo este \u00faltimo para uso hospitalario exclusivo.<\/p>\n<p><strong>\u00ab<span class=\"Apple-style-span\">ESTE MEDICAMENTO DEBE SER UTILIZADO EXCLUSIVAMENTE BAJO PRESCRIPCION Y VIGILANCIA MEDICA Y NO PUEDE REPETIRSE SIN NUEVA RECETA MEDICA\u00bb.<\/span><\/strong><\/p>\n<p><strong><span class=\"Apple-style-span\">MANTENER ALEJADO DEL ALCANCE DE LOS NI\u00d1OS<\/span><\/strong><\/p>\n<p><span class=\"Apple-style-span\">Conservar los comprimidos en lugar seco a una temperatura de 15\u00baC a <\/span><span class=\"Apple-style-span\">30 \u00baC, en su estuche original.<\/span><\/p>\n","protected":false},"excerpt":{"rendered":"<p>&nbsp; Metoclopramida Comprimidos Control M\u00e9dico Recomendado Industria Argentina Formula: Cada comprimido contiene: Metoclopramida (como clorhidrato)&#8230;&#8230;&#8230;&#8230;&#8230;&#8230;&#8230;&#8230;&#8230;&#8230;&#8230;&#8230;&#8230;.. 10 mg Excipientes autorizados c.s. ACCION TERAPEUTICA: Antinauseoso, antiem\u00e9tico y propulsivo. ACCION FARMACOLOGICA: Bloqueante de receptores dopamin\u00e9rgicos centrales y perif\u00e9ricos. A ello se deben sus propiedades antiem\u00e9ticas. Estimula la motilidad del tracto gastrointestinal superior, sin modificar las secreciones g\u00e1strica, biliar&hellip; <br \/> <a class=\"read-more\" href=\"https:\/\/www.rixdal.com\/?page_id=66\">Leer m\u00e1s<\/a><\/p>\n","protected":false},"author":2,"featured_media":0,"parent":34,"menu_order":0,"comment_status":"closed","ping_status":"closed","template":"","meta":{"footnotes":""},"class_list":["post-66","page","type-page","status-publish","hentry"],"_links":{"self":[{"href":"https:\/\/www.rixdal.com\/index.php?rest_route=\/wp\/v2\/pages\/66","targetHints":{"allow":["GET"]}}],"collection":[{"href":"https:\/\/www.rixdal.com\/index.php?rest_route=\/wp\/v2\/pages"}],"about":[{"href":"https:\/\/www.rixdal.com\/index.php?rest_route=\/wp\/v2\/types\/page"}],"author":[{"embeddable":true,"href":"https:\/\/www.rixdal.com\/index.php?rest_route=\/wp\/v2\/users\/2"}],"replies":[{"embeddable":true,"href":"https:\/\/www.rixdal.com\/index.php?rest_route=%2Fwp%2Fv2%2Fcomments&post=66"}],"version-history":[{"count":3,"href":"https:\/\/www.rixdal.com\/index.php?rest_route=\/wp\/v2\/pages\/66\/revisions"}],"predecessor-version":[{"id":145,"href":"https:\/\/www.rixdal.com\/index.php?rest_route=\/wp\/v2\/pages\/66\/revisions\/145"}],"up":[{"embeddable":true,"href":"https:\/\/www.rixdal.com\/index.php?rest_route=\/wp\/v2\/pages\/34"}],"wp:attachment":[{"href":"https:\/\/www.rixdal.com\/index.php?rest_route=%2Fwp%2Fv2%2Fmedia&parent=66"}],"curies":[{"name":"wp","href":"https:\/\/api.w.org\/{rel}","templated":true}]}}